{"id":50,"date":"2019-10-15T00:07:12","date_gmt":"2019-10-14T22:07:12","guid":{"rendered":"https:\/\/kompetenzzentrum-kiek-in.de\/?page_id=50"},"modified":"2019-10-15T00:09:47","modified_gmt":"2019-10-14T22:09:47","slug":"sozialmanufaktur-fuer-psychisch-suchtkranke-erwachsene","status":"publish","type":"page","link":"https:\/\/kompetenzzentrum-kiek-in.de\/?page_id=50","title":{"rendered":"Sozialmanufaktur"},"content":{"rendered":"\n<p>f\u00fcr psychisch &amp; suchtkranke Erwachsene<\/p>\n\n\n\n<p>Mit Allt\u00e4glichem vermitteln wir ein St\u00fcck Normalit\u00e4t, Halt und Kontinuit\u00e4t. So schaffen wir ein Klima des Vertrauens und der Verl\u00e4sslichkeit.<\/p>\n\n\n\n<ul class=\"wp-block-list\"><li> Verl\u00e4ssliche Tages- und Wochenstruktur<\/li><li> Individuelles Betreuungs- und F\u00f6rderprogramm<\/li><li> Lebenspraktisches Training (z. B. Einkaufen, Kochen,W\u00e4schepflege etc.)<\/li><li> Arbeitstherapeutische Angebote<\/li><li> Holz &amp; Ton (Keramik)<\/li><li> Unterst\u00fctzung und Begleitung bei Aufnahme einer Besch\u00e4ftigung \/Ausbildung \/Praktikum<\/li><li> Freizeitangebote (z. B. Ausfl\u00fcge, jahreszeitliche Feste, kulturelle Veranstaltungen etc.)<\/li><li> Bewegungs- und Musiktherapie (Line-Dance, Trommeln, verschiedene Entspannungstechniken)<\/li><li> Theater<\/li><li> Kulinarische Versorgung bei Veranstaltungen<\/li><li> Training sozialer und kommunikativer<\/li><li> Kompetenzen<\/li><li> Konflikt- und Krisenbew\u00e4ltigung<\/li><li> Kriseninterventionen<\/li><\/ul>\n\n\n\n<p><strong>Finanzierung<\/strong><\/p>\n\n\n\n<p>Die Kosten werden vom zust\u00e4ndigen Kostentr\u00e4ger \u00fcbernommen. Es wird das Einkommen und das Verm\u00f6gen zugrunde gelegt. In den meisten Aufnahmen kommt es zu keiner Zuzahlung.<\/p>\n\n\n<p><!--EndFragment--><br \/><br \/><\/p>","protected":false},"excerpt":{"rendered":"<p>f\u00fcr psychisch &amp; suchtkranke Erwachsene Mit Allt\u00e4glichem vermitteln wir ein St\u00fcck Normalit\u00e4t, Halt und Kontinuit\u00e4t. So schaffen wir ein Klima des Vertrauens und der Verl\u00e4sslichkeit. Verl\u00e4ssliche Tages- und Wochenstruktur Individuelles Betreuungs- und F\u00f6rderprogramm Lebenspraktisches Training (z. B. Einkaufen,&#8230; <a class=\"read-more\" href=\"https:\/\/kompetenzzentrum-kiek-in.de\/?page_id=50\">Mehr erfahren<\/a><\/p>\n","protected":false},"author":1,"featured_media":0,"parent":0,"menu_order":0,"comment_status":"closed","ping_status":"closed","template":"","meta":{"footnotes":""},"class_list":["post-50","page","type-page","status-publish","hentry","no-comments"],"_links":{"self":[{"href":"https:\/\/kompetenzzentrum-kiek-in.de\/index.php?rest_route=\/wp\/v2\/pages\/50","targetHints":{"allow":["GET"]}}],"collection":[{"href":"https:\/\/kompetenzzentrum-kiek-in.de\/index.php?rest_route=\/wp\/v2\/pages"}],"about":[{"href":"https:\/\/kompetenzzentrum-kiek-in.de\/index.php?rest_route=\/wp\/v2\/types\/page"}],"author":[{"embeddable":true,"href":"https:\/\/kompetenzzentrum-kiek-in.de\/index.php?rest_route=\/wp\/v2\/users\/1"}],"replies":[{"embeddable":true,"href":"https:\/\/kompetenzzentrum-kiek-in.de\/index.php?rest_route=%2Fwp%2Fv2%2Fcomments&post=50"}],"version-history":[{"count":3,"href":"https:\/\/kompetenzzentrum-kiek-in.de\/index.php?rest_route=\/wp\/v2\/pages\/50\/revisions"}],"predecessor-version":[{"id":55,"href":"https:\/\/kompetenzzentrum-kiek-in.de\/index.php?rest_route=\/wp\/v2\/pages\/50\/revisions\/55"}],"wp:attachment":[{"href":"https:\/\/kompetenzzentrum-kiek-in.de\/index.php?rest_route=%2Fwp%2Fv2%2Fmedia&parent=50"}],"curies":[{"name":"wp","href":"https:\/\/api.w.org\/{rel}","templated":true}]}}

<p>für psychisch &amp; suchtkranke Erwachsene</p>



<p>Mit Alltäglichem vermitteln wir ein Stück Normalität, Halt und Kontinuität. So schaffen wir ein Klima des Vertrauens und der Verlässlichkeit.</p>



<ul class="wp-block-list"><li> Verlässliche Tages- und Wochenstruktur</li><li> Individuelles Betreuungs- und Förderprogramm</li><li> Lebenspraktisches Training (z. B. Einkaufen, Kochen,Wäschepflege etc.)</li><li> Arbeitstherapeutische Angebote</li><li> Holz &amp; Ton (Keramik)</li><li> Unterstützung und Begleitung bei Aufnahme einer Beschäftigung /Ausbildung /Praktikum</li><li> Freizeitangebote (z. B. Ausflüge, jahreszeitliche Feste, kulturelle Veranstaltungen etc.)</li><li> Bewegungs- und Musiktherapie (Line-Dance, Trommeln, verschiedene Entspannungstechniken)</li><li> Theater</li><li> Kulinarische Versorgung bei Veranstaltungen</li><li> Training sozialer und kommunikativer</li><li> Kompetenzen</li><li> Konflikt- und Krisenbewältigung</li><li> Kriseninterventionen</li></ul>



<p><strong>Finanzierung</strong></p>



<p>Die Kosten werden vom zuständigen Kostenträger übernommen. Es wird das Einkommen und das Vermögen zugrunde gelegt. In den meisten Aufnahmen kommt es zu keiner Zuzahlung.</p>


<p><!--EndFragment--><br /><br /></p>

<p>für psychisch &amp; suchtkranke Erwachsene Mit Alltäglichem vermitteln wir ein Stück Normalität, Halt und Kontinuität. So schaffen wir ein Klima des Vertrauens und der Verlässlichkeit. Verlässliche Tages- und Wochenstruktur Individuelles Betreuungs- und Förderprogramm Lebenspraktisches Training (z. B. Einkaufen,&#8230; <a class="read-more" href="https://kompetenzzentrum-kiek-in.de/?page_id=50">Mehr erfahren</a></p>
